**2 + 14*t - 34. Let f be k(11). Let h(q) be the second derivative of q**3 - q**2/2 - q. Calculate h(f).
-7
Let b be 1/(-4) + 9/4. Suppose p - 6*p + 10 = 0. Let g(c) = -1 + 2 + c**3 - 5 + 2*c**2 - 2*c + b*c**p. What is g(-4)?
4
Let g(o) = -3*o**3 + o**2 - 6*o - 2. Let u(x) = 2*x**3 + 5*x + 1. Let p(l) = 3*g(l) + 4*u(l). Give p(-2).
14
Let m(t) = -t - 5. Let j(k) = 11*k - 2. Let c be j(1). Let l be ((-12)/c)/((-3)/(-9)). Calculate m(l).
-1
Suppose 19 = 4*i - 3*n, 4*i - 5 = 4*n + 19. Let d(g) = 3*g**3 + 2*g**2 + 5*g. Let x(w) = -4*w**3 - 2*w**2 - 6*w. Let j(b) = 7*d(b) + 6*x(b). Give j(i).
-2
Let l be (1/3)/((-25)/225). Let o(n) = 2*n + 4. What is o(l)?
-2
Let s = 7/39 + 2/13. Let m(u) be the first derivative of -s*u**3 + 3*u**2 - 2*u - 2. What is m(4)?
6
Let g(v) = 11*v**3 + v**2 - 2*v + 1. Let d(x) = 4*x + 11*x**2 - 1 - 12*x**2 - 1. Let n be d(3). Determine g(n).
11
Let v(z) = -z**3 + 5*z**2 - 12. Let t be v(4). Let p(g) = 3*g - 4. Calculate p(t).
8
Let o(y) = 2*y + 18. Let d be o(-11). Let g(f) = -f**3 - 6*f**2 - 6*f - 3. Give g(d).
-11
Let o(v) be the first derivative of -v**4/3 - v**3/6 + v**2/2 + 3*v + 3. Let b(w) be the first derivative of o(w). Let m = -9 + 10. What is b(m)?
-4
Let r(y) = 0*y + 0*y + y - 1 - 4*y. Determine r(-2).
5
Let h(t) = -3*t + 9. Suppose 3*v + 10 = -5. Let y(o) = 2*o - 6. Let x(u) = v*h(u) - 8*y(u). Let g = 7 - 4. Calculate x(g).
0
Let w = -32 - -36. Let d(f) = -2*f + 2. Determine d(w).
-6
Let j(m) = -1 - 4*m**3 + 6*m**3 - 3 - m**3. Calculate j(0).
-4
Let y(c) = -21*c**3 - 5*c**2 + 2*c + 7. Let d = 18 + -13. Let q(l) = -10*l**3 - 2*l**2 + l + 3. Let z(j) = d*q(j) - 2*y(j). Calculate z(-1).
8
Suppose -u = -4*i - 19, 0*u = -3*u + 3*i + 21. Let d(f) = f**u - 3*f**2 - 6*f - f**2 + 4*f + 6. Determine d(4).
-2
Let h(g) = 5*g**3 + 7*g**2 + 45*g - 21. Let l(i) = i**3 + 2*i**2 + 11*i - 5. Let c(m) = -2*h(m) + 9*l(m). Give c(6).
-21
Let d(v) = v**3 - 3*v**2 - 2*v + 2. Let p = -2 - -8. Suppose -20 = 5*h, 0 = -2*c - 3*h - p. Give d(c).
-4
Let k(z) = -8*z**2 + z - 5. Let o(f) = 9*f**2 - 2*f + 6. Let b(i) = -4*k(i) - 3*o(i). Give b(-2).
18
Let m be 2/2*(-1 + 1). Let y(d) = -d**3 - 14. Calculate y(m).
-14
Let c(u) = -4*u + 3. Let w(r) = 68*r - 52. Let b(h) = 104*c(h) + 6*w(h). Suppose -2*i - 3 + 1 = 0. What is b(i)?
8
Let g(p) = -p + 2. Let q(t) = -1. Let u(m) = g(m) + 4*q(m). Give u(6).
-8
Let z(w) = -5*w**3 + 2*w**2 - 2*w + 1. Let a be (-5)/(-20) - (-3)/4. Calculate z(a).
-4
Let n(q) be the first derivative of q**4/4 - q**2/2 + 5*q - 16. Suppose -2*u - 12 = -4*l, 5*l - 5 = 5*u + 10. What is n(u)?
5
Let j(q) = -4*q. Suppose 8*k - 3*k = -60. Let f be k/(-6) + -3 + 1. Let y be 3 + f + (-2)/1. Determine j(y).
-4
Let p(o) = -o**3 + 4*o**2 + 2*o - 4. Let y = 3 + -3. Let h = y + 4. Calculate p(h).
4
Let k be -1*(-1 + 0)*0. Let f(p) = -4*p**3 + 7*p**2 + 7*p - 2. Let g(m) = 3*m**3 - 5*m**2 - 5*m + 1. Let t(q) = 5*f(q) + 7*g(q). Give t(k).
-3
Let p(j) be the first derivative of -2 + 1/2*j**2 - 3*j. Let u(g) = g**2 - 10*g + 9. Let v be u(9). What is p(v)?
-3
Let f be ((-4)/14)/(4/(224/(-12))). Let o(z) be the first derivative of -f*z**3 - 3/2*z**2 - 2 - z - 1/4*z**4. Determine o(-3).
-1
Let n(o) = 9*o**3 - 2*o**2 - 4*o + 5. Let b(r) = -2*r**3 - r**2 - r - 1. Let f(j) = 4*b(j) + n(j). What is f(7)?
-6
Suppose -2*j - 15 = 3*r, 4*r + 0*r + 20 = -4*j. Suppose 8 = -4*q + 4*z, -5*q + 31 = 5*z + 1. Let c be (j + -3)*q/3. Let k(p) = -3*p + 1. Calculate k(c).
7
Let m(j) = -j + 3. Let n(y) = 2*y + 24. Let o be n(-12). What is m(o)?
3
Let w(s) = s**2 + 5*s - 1. Let n be (-20)/(-6)*(-12)/(-8). Let j = n - 9. Give w(j).
-5
Let g(o) = -4*o**3 + o**2 + o - 1. Let b(i) = 5*i - 4*i - 1 - i**2 + 2*i. Let d be b(3). Let p = d - -2. Give g(p).
-3
Let c = 24 - 20. Let x(i) be the second derivative of 0 + 0*i**2 - 1/12*i**c + 2/3*i**3 + 2*i. What is x(5)?
-5
Let q(x) = -x**3 - 5*x**2 - 4*x + 2. Suppose 2*j = -0*j. Let w be -8 - -6 - (2 + j). Calculate q(w).
2
Suppose 5*z = 0, -2*p - 2*p = -5*z - 16. Let h(o) = o**3 - 7*o**2 + 7*o - 4. Let w be h(6). Let d(r) = p + r + w*r - 3*r - 3*r. Calculate d(3).
-5
Let n = 0 - -2. Let i = n - -2. Let l(w) = w**3 - 3*w**2 - 4*w + 2. What is l(i)?
2
Let a(n) be the first derivative of -4*n**3/3 + n**2/2 + 2*n - 10. Give a(2).
-12
Let p = 21 - 9. Suppose 0 = -d + g - 3*g, -p = -4*g. Let i(r) = -r**2 - 7*r - 3. Calculate i(d).
3
Let x(k) be the third derivative of k**7/5040 + k**6/720 - k**5/10 + 2*k**2. Let g(f) be the third derivative of x(f). Give g(-4).
-3
Let p be (1/(-3))/(2/(-36)). Let u(c) = -c - 1 + 6*c + p*c**3 - 5*c. Give u(-1).
-7
Let a(g) = g**3 + 11*g**2 - 16*g**2 - 19*g + 23*g. Determine a(4).
0
Let k(t) = 7*t**3 + 7*t**2 - 5*t - 7. Let x(s) = -4*s**3 - 4*s**2 + 3*s + 4. Let v(a) = -3*k(a) - 5*x(a). Suppose 3*m + 8 = 7*m. Give v(m).
-11
Let q(k) = -4*k + 6*k - 8 - 2. Give q(8).
6
Let l(k) = 6*k**2 + 13*k - 2. Let p(b) = -7*b**2 - 14*b + 3. Let x(y) = 6*l(y) + 5*p(y). What is x(-7)?
-4
Let j(u) = 4*u**3 - 8*u**2 - 6. Let i(w) = -3*w**3 + 7*w**2 - w + 5. Let n(f) = -3*i(f) - 2*j(f). Suppose -5 = 5*x - 15. Give n(x).
-9
Let t = -6 + 10. Suppose -t*o + 3*x = -1, 0*o + 2*x = 3*o - 1. Let h(a) = -9*a. Let f(k) = 5*k. Let z(q) = -5*f(q) - 3*h(q). Give z(o).
2
Suppose 3*x - 4*x + 4*j = -12, 2*j + 4 = 0. Let s(t) = -t + 6 + x*t**2 + 2*t**2 - 5*t**2. Let q = -66 + 66. Determine s(q).
6
Let p be (2 + -1)*-10*-1. Suppose -8 = 3*r + p. Let f(v) be the first derivative of v**4/4 + 2*v**3 + 8*v - 53. Calculate f(r).
8
Let o(u) = -5*u - 13. Let g(m) = 4*m + 12. Let k(j) = 4*g(j) + 3*o(j). Give k(-15).
-6
Let u(o) = -8*o + 6*o + 6*o - 1. Let g be (4/16)/((-2)/(-8)). Let k be g - 1 - 3/3. Determine u(k).
-5
Let x(i) = 6*i. Let z(y) = -y - 4. Let b be z(-6). Determine x(b).
12
Let h(u) = 3*u - 7*u - 2 + 6. Determine h(3).
-8
Let l(n) = n - 10. Let m(t) = 2*t - 2. Let v be m(4). Suppose 0 = 2*d - v*d. Suppose 4*c = -d*c. What is l(c)?
-10
Let b(m) = -10 - 12 + 35 - 14 - 3*m. Calculate b(-1).
2
Let b(l) = -l**2 + 5*l. Let s be b(6). Let r be (1/3)/((-2)/s). Let y(a) = -3*a + 1. What is y(r)?
-2
Let u(g) be the third derivative of g**4/8 - g**3/3 - 2*g**2. Let h = -1 + 0. Let i be 4 - (0 - 0)*h. What is u(i)?
10
Let b(s) be the first derivative of s**2/2 + 3*s + 6. What is b(4)?
7
Let i be (1 + -1)/((-10)/5). Suppose -3*s + i = -15. Suppose -x - m + 3 = -0*m, 0 = s*x - 3*m - 15. Let d(a) = 3*a - 4. Determine d(x).
5
Let z(w) be the third derivative of -w**5/60 + 5*w**4/24 - w**3/2 - 5*w**2 + w. Give z(3).
3
Let c(d) = -d**3 - 3*d**2 - 3. Let a be c(-3). Let u(g) = -g**3 - 2*g**2 + 3*g. What is u(a)?
0
Let y(k) = -10*k**3 - k**2 + k - 1. Suppose -3*m = -4 + 10. Let p(u) = u**3 + 3*u**2 - 3. Let v be p(m). Give y(v).
-11
Let h(f) be the first derivative of f**2 - 2*f + 13. Determine h(-6).
-14
Suppose -k = -0*k. Let v(y) = y + 9. What is v(k)?
9
Suppose -9 + 3 = -3*s. Let r be -2*s/8*-2. Suppose -2*j + 3*x = r, -2*j + x - 7 = -0*j. Let u(i) = i + 1. Calculate u(j).
-4
Let p(s) = -s**2 + 7*s. Let m = 5 - -1. Determine p(m).
6
Let s be 50/(-20) - 19/(-2). Let w(b) = 0*b**3 + 4 - 2 - 8*b**2 + 6*b + b**3. Determine w(s).
-5
Let m(x) = 13*x + 11*x - 4 - 23*x. Calculate m(5).
1
Suppose -12 = v + 2*v. Let s(y) = -13*y - 3. Let o(f) = -f - 1. Let c(t) = 4*o(t) - s(t). Let g(a) = -17*a + 2. Let b(i) = v*g(i) - 7*c(i). Give b(1).
4
Let r(g) = -g**2 - 8*g - 7. Let l(c) = -c + 2. Let p be l(8). Give r(p).
5
Let f(v) be the third derivative of v**6/360 - v**5/30 + v**4/8 + v**3/2 + v**2. Let y(b) be the first derivative of f(b). Give y(5).
8
Let w(x) = -8*x**2 - 3*x + 8. Let g(d) = 4*d**2 + 2*d - 4. Let i(q) = -5*g(q) - 3*w(q). What is i(3)?
29
Let n(a) be the first derivative of -a**3/3 + 3*a**2/2 - 6*a - 41. Determine n(6).
-24
Let b = -6 + 11. Let p(c) = -3 + 4 + b*c - 2 + c. What is p(1)?
5
Suppose -r = 4*n + 16, r = -0 + 4. Let p(k) = -5*k - 6. Let t(v) = 5*v + 5. Let u(w) = n*p(w) - 6*t(w). Suppose -s - 17 = 3*a, -a + 1 + 0 = -3*s. What is u(s)?
10
Let p(d) be the first derivative of -d**3/3 - 4*d**2 - 7*d - 1. Let a be 2 + (-8 - (3 + -2)). Give p(a).
0
Let s(y) be the third derivative of 0*y - 1/24*y**4 + 4*y**2 + 0 - 5/6*y**3. What is s(-6)?
1
Let j(a) = -a + 3. Let n(p) = p - 4. Let c(y) = 5*j(y) + 4*n(y). Determine c(-2).
1
Let t(f)